-4*r - 2. What is the units digit of c(-4)?
4
Let o(k) = -k**3 - 7*k**2 - 2*k - 4. Let g be o(-8). What is the tens digit of (1/1)/(2/g)?
3
Suppose 10 + 18 = 4*d. Suppose -10 = 5*q - d*q. What is the units digit of q?
5
Suppose -2*o + 0*d + 5*d + 97 = 0, -d - 221 = -4*o. What is the tens digit of o?
5
Let o(g) = 3*g**2 + 7*g + 8. What is the tens digit of o(-5)?
4
Suppose 0 = -z + 5*w + 49, -4*z - 2*w - 2*w + 220 = 0. What is the units digit of z?
4
Suppose 153 = 3*t - 7*i + 2*i, 3*t = 2*i + 153. Suppose -t = -3*u - 3. What is the tens digit of u?
1
Let i = 75 + -49. What is the tens digit of i?
2
Let o(z) = 5*z**2 + 3*z - 1. Let s be o(-3). Suppose 2*t - 1 = s. What is the units digit of t?
8
Let g = 97 + -51. What is the tens digit of g?
4
Let n = -3 - -8. What is the units digit of n?
5
Suppose -38*q + 37*q + 13 = 0. What is the tens digit of q?
1
Let a = 3 - -8. What is the units digit of a?
1
Suppose 43 = 2*l + 17. What is the units digit of l?
3
Suppose 3*k - 3*r + 3 = 0, -5*k = 2*r - 4*r - 10. Suppose 128 = 8*z - k*z. What is the units digit of z?
2
Suppose 11*i - 7*i - 1004 = 2*m, 3*m = -12. What is the tens digit of i?
4
Let o(b) = -4*b - 10. Let u(j) = 4*j + 9. Let q(a) = -3*o(a) - 4*u(a). What is the units digit of q(-2)?
2
Let l(f) = -4*f - 7. Let z = 8 - 15. What is the tens digit of l(z)?
2
Let g(k) = -k**3 - 4*k**2 - 5*k - 3. Let r be g(-3). Let w = 7 - 2. Suppose -s - 15 = -r*t, -w*t + 3*s + 14 + 7 = 0. What is the units digit of t?
6
Suppose -3*t - 4*t = -777. What is the units digit of t?
1
Let l be 34/(-4) + 1/(-2). Let j(o) = o**2 + 8*o + 9. What is the tens digit of j(l)?
1
Let v be 0/(-1) + (-7 - -1). What is the units digit of ((-6)/(-4))/((-1)/v)?
9
Let d(u) = u**3 - 8*u**2 - 10*u - 1. Let m(k) = -2*k**3 + 16*k**2 + 19*k + 3. Let y(r) = -5*d(r) - 3*m(r). What is the units digit of y(9)?
4
Let o be (-2)/2*(2 + -1). Let c be (-5)/4 + o/(-4). Let g = 14 - c. What is the tens digit of g?
1
Let d(x) = x**2 - x - 1. Let q be d(-2). What is the units digit of ((-2)/q)/(1/(-35))?
4
Let u(s) = s + 6. Let m be u(-5). Let d be 0/3 - (-3 + m). What is the units digit of 4*(d - 14/(-8))?
5
Let v(m) = -m - 3. Let p be v(-7). Suppose -p*d = 1 - 49. What is the units digit of d?
2
Let f(h) = -20*h**3 - h**2 + h. Let q be f(1). Let l = -49 - -80. Let w = q + l. What is the units digit of w?
1
Suppose 3*j - 16 = 2. Suppose 0*t - 5*t + 41 = 3*r, 2*r - 2*t = j. Let b(l) = 2*l - 8. What is the units digit of b(r)?
6
Let k(p) = p + 6. Let g be k(-6). Suppose -x = -g*x - 8. What is the units digit of x?
8
Let f = -59 + 137. What is the tens digit of f?
7
Let u = -26 + 46. What is the units digit of u?
0
Suppose -2 + 0 = -b. Suppose -b*d + 30 = 2*d - 3*f, -2*d + 14 = -f. What is the units digit of d?
6
Let k(l) = 4*l**2 - 2*l. What is the units digit of k(2)?
2
Suppose -4*j = -13*j + 846. What is the units digit of j?
4
Let z = -66 + 102. What is the tens digit of 1/6 - (-858)/z?
2
Let v be ((-3)/12 + 0)*-4. What is the units digit of (-3)/((-9)/6 + v)?
6
Let b be (-12)/30*10/(-1). Let z = 1 + -2. Let o = b + z. What is the units digit of o?
3
Let p(x) = -x**2 + 12*x + 16. Let t be p(13). Suppose -6*b + t*b + 9 = 0. What is the units digit of b?
3
Suppose 5*m = 5*q + 468 + 107, 12 = 3*q. What is the units digit of m?
9
Suppose -3*y = -8*y + 540. What is the hundreds digit of y?
1
Let r = 2 - -4. Suppose 0*l - l = -r. What is the units digit of l?
6
Suppose 0 = -5*v + 30. Suppose -3*d - 7 = 5*w, -d + v*w + 21 = 3*w. What is the units digit of d?
6
Suppose -47 = 3*t + 52. Let g = 47 + t. What is the tens digit of g?
1
Let t(j) = 16*j**2 + 2*j + 1. What is the units digit of t(-1)?
5
Let j = 12 + -1. Let r = j - -22. Suppose -2*t - 11 + r = 0. What is the units digit of t?
1
Let s = -2 - -5. Suppose s*d = -2*d + 470. What is the units digit of (-6)/27 - d/(-18)?
5
Let y = 200 - 107. What is the tens digit of y?
9
Let v(i) = -i + 2. Let m be v(-3). Let o = 18 - 13. Suppose -o*k + 0*k = -m. What is the units digit of k?
1
Suppose -3*r + 93 + 446 = -2*s, -2*r - 3*s = -342. What is the tens digit of r?
7
Let k(h) = -h**2 - 5*h + 3. Let w be k(-6). Let d be (28/8)/((-5)/(-10)). Let z = d + w. What is the units digit of z?
4
Let s(w) = -w**3 + 5*w**2 + w. Let u be s(6). Suppose 2*l = -3*q - 47, -4*q + 5*l - 63 = -2*q. Let a = q - u. What is the units digit of a?
1
Let l(q) = q**3 - q**2 + q - 2. Let v be l(3). Let n = 5 - 17. Let m = v + n. What is the units digit of m?
7
Let z = -6 - -12. Suppose 3*s - z = -0*s. Suppose -5*j + s = -43. What is the units digit of j?
9
Let u(t) = -t**3 - 15*t**2 - 16*t + 19. What is the units digit of u(-14)?
7
Let i(v) be the second derivative of v**4/12 - v**3/2 - 3*v**2 + 2*v. What is the units digit of i(5)?
4
Suppose -1034 = -3*q - 0*v - 5*v, -v = q - 344. What is the units digit of q?
3
Let v = -32 + 57. What is the units digit of v?
5
What is the units digit of (-1)/(-2)*50/(-20)*-44?
5
Let f(c) = c**3 - 6*c**2 - 9*c - 18. What is the units digit of f(8)?
8
Let l(z) = z**3 + 7*z**2 + z - 5. What is the units digit of l(-6)?
5
Let d(l) = l**2 + 2*l - 1. Let t be d(-3). Suppose 0 = -t*v - 2*q + 12, 0*v - q = -5*v. What is the units digit of v?
1
Suppose 53 + 13 = 2*y. What is the units digit of y?
3
Let y(h) = -h**2 + 6*h - 5. Let g be y(4). Suppose -2*b = -5*b - g. What is the units digit of (b - 3*-1)*3?
6
Let r(c) = -c**3 + 2*c**2 - 2*c - 1. Let z be r(3). Let u = -9 + z. Let s = -18 - u. What is the units digit of s?
7
Let y(l) = l**3 + 4*l**2 - 2 - 4 + 3 + 0*l**3 - 3*l. What is the units digit of y(-4)?
9
Let q(d) = -d**3 - 24*d**2 - 2*d + 12. What is the units digit of q(-24)?
0
Let o(d) = d**2 + 7*d + 7. Let c be o(-6). Suppose -11 = -g + j, 0 = 3*g - 7*g - 5*j - c. Suppose -g = -z - 3*b + 11, b = 2*z - 6. What is the units digit of z?
5
Let y(g) = 2*g**2 + 7*g - 1. Suppose -2*f + 2 - 20 = 2*o, -3*o = 2*f + 22. Let s be y(f). What is the units digit of 14/6 + s/21?
3
Let n(r) = -2*r + 6. Let p be n(-5). Suppose 2*t = t + p. What is the units digit of t?
6
Let q be -8 + 4*3/12. Let x(j) be the first derivative of j**4/4 + 8*j**3/3 + 7*j**2/2 + 4*j + 1. What is the units digit of x(q)?
4
What is the units digit of 3*(6/12)/((-3)/(-14))?
7
Let w(c) be the first derivative of c**3 + c**2/2 - c + 1. Let x = -10 - -11. What is the units digit of w(x)?
3
Let p be 2 + (-1 - 0/2). Let b = p + -1. Suppose 0 = y - b*y - 16. What is the tens digit of y?
1
What is the units digit of (-2)/(-8) - 748/(-16)?
7
Let w(l) = -l**2 + 4*l - 2. Let s be w(4). What is the units digit of (-2 + s)/(-2 - -1)?
4
Suppose -5*s - 3*z = -4*z + 8, 2*z = 6. What is the tens digit of (-12)/s*10/8?
1
Let q(k) = k**3 + 8*k**2 + 7*k + 11. Let y be q(-8). What is the tens digit of (y/6)/(3/(-16))?
4
Let u(l) = -l**3 - l**2 + 3*l + 2. Let s be u(-2). Suppose -q = -s*q. Suppose -8 = -4*b - q*b. What is the units digit of b?
2
Let z(g) = g**2 + 6*g + 5. Let t be z(-5). Suppose 4*v = -t*v + 100. Suppose 3*m + 2*m = v. What is the units digit of m?
5
Suppose -51 = -w + 5*h, -3*w + 89 + 30 = 2*h. What is the units digit of w?
1
Let o be 3/((-4)/((-16)/6)). What is the tens digit of 15 - -2*1/o?
1
Let n be (-2976)/(-60) + 2/5. Suppose -3*m - 4*h + 66 = 0, 0 = 4*m + 5*h - 138 + n. What is the units digit of m?
2
What is the tens digit of (-1 + 2)/((-2)/(-70))?
3
Let r(s) = -s**2 - 10*s + 1. Suppose -46 = -4*g - 3*l, g - 4 = 2*l + 2. Suppose 0*k = k + g. What is the units digit of r(k)?
1
Suppose -5*b + 6*b - 20 = 0. What is the tens digit of b?
2
Let g(m) = m - 10. Let w be g(11). What is the units digit of w + 1 + 0 + 1?
3
Let p = -33 + 81. What is the tens digit of p?
4
Suppose -n - 2*x = 0, 2*x = -3*x - 25. Let y = 23 - n. What is the tens digit of y?
1
Let s(l) = l**3 - 17*l**2 + 18*l + 2. What is the units digit of s(16)?
4
Let c(f) = -5*f. What is the tens digit of c(-3)?
1
Let f(w) be the second derivative of -w**3/6 - 7*w**2/2 + w. Let r be f(-6). What is the units digit of r*1/(-1) - -1?
2
Suppose -5*j = j - 306. What is the tens digit of j?
5
Let z = 54 - 28. What is the tens digit of z?
2
Let w be (8/(-3))/((-10)/15). Suppose -w*m + 69 = -m. What is the tens digit of m?
2
Suppose 2*v + 4 = 3*v. Suppose l - 8 = -l, v*i = 5*l - 36. Let b(h)